. Suppose -2*z - n + u = 0, 4*z = -z + n + 1685. List the prime factors of z.
2, 13
Let k = -60 + 64. Suppose -k*b + 5*q = -209, 5*b - 6*q - 250 = -2*q. List the prime factors of b.
2, 23
Suppose -15*b + 9*b = 198. Suppose 5*o - 47 + 9 = -3*n, -o + 1 = 0. Let u = n - b. List the prime factors of u.
2, 11
Suppose 365 = 2*f - 233. List the prime factors of f.
13, 23
Let c(k) = -23*k**3 - 2*k**2 - 3*k - 1. Suppose -3*j + 14 = -5*j - 5*m, j + 12 = -5*m. Let o be ((-7)/(-14))/(1/j). What are the prime factors of c(o)?
23
Let z = 21 + -16. Let r be (44/(-6))/(z/15). Let y = 31 - r. What are the prime factors of y?
53
List the prime factors of (-1)/(-3) + 6920/30 + 19.
2, 5
Let s = 3334 - -247. What are the prime factors of s?
3581
Suppose d + 13 - 216 = 0. What are the prime factors of d?
7, 29
Suppose -2*v + 8 = -2*x, 5*v - 4*x = 14 + 5. Let a = 6 - v. Suppose h = -a*f + 10 - 3, -76 = -4*h + 4*f. List the prime factors of h.
2
Let w(y) = -y**3 + 5*y**2 + 2. Let u be w(5). Suppose 0 = -3*j + 120 - 15. Suppose 0 = u*z - 2, g + 0*g = z + j. What are the prime factors of g?
2, 3
Let t(r) = 310*r - 14. Let u be t(2). Suppose -4*s + u = -266. What are the prime factors of s?
2, 109
Let a = 8 - 4. Let v = a + -4. List the prime factors of -4 + (10 - (v + 1)).
5
Suppose 3*o - 9424 = -4*z - 2359, 8825 = 5*z + 5*o. List the prime factors of z.
2, 3, 5, 59
Let n(d) = -3*d**2 + 6*d**2 - 7 - 8*d - 2*d**2. Let r be n(9). Suppose j + 9 = w + 22, -r*j = w - 26. What are the prime factors of j?
13
Let k be ((-24)/28)/(1/(-126)). Suppose 10*x = 9*x + k. What are the prime factors of x?
2, 3
Let r(v) = 3*v**3 - 5*v**2 - 3*v - 6. Let c be r(5). Suppose 4*b + u + 3*u = 456, 2*b + u - c = 0. List the prime factors of b.
5, 23
Suppose -b = -2*b - 5*m - 28, -5*b - 2*m - 25 = 0. Let o = -34 - b. List the prime factors of -2 + (-2 - -1) - o.
2, 7
Let v(w) = -75*w + 18. List the prime factors of v(-2).
2, 3, 7
Suppose 2*u - 18*j = -21*j + 894, 5*u = 3*j + 2256. List the prime factors of u.
2, 3, 5
Let l(r) = r**2 - 17*r + 2. Let x be l(17). Suppose -y = x*y - 162. Suppose -y = -9*k + 3*k. What are the prime factors of k?
3
Let h(u) = u + 7. Let o be h(-5). Suppose -4*d - 2*i = -d - 89, o*i = 3*d - 109. List the prime factors of d.
3, 11
Let k(m) = 2*m + 2. Let r be k(1). Let s be (r/5)/(8/20). List the prime factors of 4 + 40 - 2/s.
43
Let t be ((-3)/(-2))/(33/(-176)). What are the prime factors of t/((-32)/102)*2?
3, 17
Let m(h) = h**3 - 11*h**2 + 24*h - 3. Let z(a) = 3*a**2 - 6*a + 1. Let l(x) = -2*m(x) - 9*z(x). What are the prime factors of l(-5)?
2, 23
Let t(c) = c**3 + c**2 - c - 2. Let s be t(2). Let m = s - -6. What are the prime factors of m?
2, 7
Let u(l) = -51*l - 9. Let p be u(-3). Suppose 5*t = t + p. What are the prime factors of t?
2, 3
Suppose 10*s = -3290 + 8060. List the prime factors of s.
3, 53
Let d(g) be the first derivative of g**3/3 - 3*g + 12. List the prime factors of d(-7).
2, 23
Let p(f) = f**2 - f + 18. Suppose 63 + 63 = -6*d. Let w = d + 21. List the prime factors of p(w).
2, 3
Suppose -12*m = -12749 + 2549. List the prime factors of m.
2, 5, 17
Suppose 29*y - 24255 = 14*y. What are the prime factors of y?
3, 7, 11
Let f(d) = -3*d + 3. Let g(h) = h**2 + h + 3. Let y be g(0). Suppose 2*o + 11 = -y. What are the prime factors of f(o)?
2, 3
What are the prime factors of -3 - (-217)/(-14)*-16?
5, 7
Suppose 5 = u - 7. Suppose 81 = -3*r + 579. List the prime factors of u/30 + r/10.
17
List the prime factors of 210/(-770) + (-15040)/(-11).
1367
Suppose 3*x + 50 = 2*x. Let v = x + 98. List the prime factors of v.
2, 3
Suppose 0 = -2*u + 1 + 7. List the prime factors of (15/6)/(u/24).
3, 5
Let p = -108 + 472. Suppose -7*j + 0*j + p = 0. What are the prime factors of j?
2, 13
Let d(l) = -l**3 + 8*l**2 - 6*l + 31. What are the prime factors of d(7)?
2, 19
Let m = 57 + 3. List the prime factors of m.
2, 3, 5
Let z be -1*3*28/12. Let m = 6 - z. List the prime factors of m.
13
Let a = -15 + 44. Suppose 24*m + 310 = a*m. What are the prime factors of m?
2, 31
Suppose 4*b = 3*s - 25, 2*s = -b - b - 30. Let p(t) be the first derivative of -t**2 - t - 5. List the prime factors of p(b).
19
Suppose 0 = -7*b - 84 + 3682. List the prime factors of b.
2, 257
Let a = 22 - 14. Suppose -a*r = -73 - 263. List the prime factors of r.
2, 3, 7
Let h = 5255 + -2885. What are the prime factors of h?
2, 3, 5, 79
Let t be (-9 + -1)*7/(-14). Suppose 15 = t*h, 3*o + 5*h + 147 = 342. List the prime factors of o.
2, 3, 5
Suppose -65 - 61 = -3*f. Suppose f = -o - 4*s + 156, -3*o - 2*s + 342 = 0. List the prime factors of o.
2, 3, 19
Let v(p) = 23*p**2 - 9*p + 30. Let j be -1*(-5 + 2) + 0/1. What are the prime factors of v(j)?
2, 3, 5, 7
Suppose -14*w + 1875 = -9*w. Suppose 0 = -3*t - 3*f + 6*f + w, -5*f = 2*t - 229. What are the prime factors of t?
2, 61
Let f(v) = -v**2 - 5 - 2*v + 2 + 2*v**3 + 0*v**3. What are the prime factors of f(3)?
2, 3
Let a(d) = d**2 + d - 4. Let z be -4 + 2 + (-2 - -1). Let k be a(z). Suppose 4*h - k*h = -4, -m + 53 = 2*h. What are the prime factors of m?
3, 19
Let d = 7 - 20. Let t(k) = 6 - 55*k**2 - 45*k**2 + 101*k**2 + 13*k. List the prime factors of t(d).
2, 3
Suppose 0 = 9*w - 4934 + 974. List the prime factors of w.
2, 5, 11
Let b(s) = 367*s - 10. What are the prime factors of b(1)?
3, 7, 17
List the prime factors of 2298/10*(20/(-3))/(-2).
2, 383
List the prime factors of 3/39 - (-45082)/26.
2, 3, 17
Let l(z) = -21*z - 2. Let u = -5 - -1. Let m be l(u). Suppose 2*k = m - 26. What are the prime factors of k?
2, 7
Suppose r = 4*c + 2*r - 4461, 5*c + 5*r = 5595. List the prime factors of c.
2, 557
Let m(a) = 843*a + 28. What are the prime factors of m(1)?
13, 67
Let b be (-3)/(0 + 3)*0. Suppose 0 = 3*z + 4*f - 155, b*f - 3*f = z - 55. Suppose -3*g - 1 = 4*m - 34, -2*m + 5*g = -z. List the prime factors of m.
2, 3
Let w(a) = a**2 - 6*a. Let q be -3*((-2)/1 + 3). What are the prime factors of w(q)?
3
Let p(r) = 34*r - 1. Let j be p(-1). Let y be (28/j)/(1/5). What are the prime factors of y + 3 + (0 - -20)?
19
Let q = -58 - -32. Let o be q/(-3) + 2/(-3). Suppose -2*j = -0*j - o. What are the prime factors of j?
2
Suppose -177 = -2*z - z. Suppose v + x = 18 - 4, 0 = 3*v + x - 40. Suppose -v + z = 2*t. What are the prime factors of t?
23
Let u(t) = -51*t - 6. Let p be u(-2). Suppose -2*w - 6*w = -p. List the prime factors of (-4)/8*-2 + w.
13
Suppose 11*s - 7*s = 16. Let y = s - -14. Let n = y + 16. List the prime factors of n.
2, 17
Let k = -8 - -5. Let a(s) = -18*s - 6. What are the prime factors of a(k)?
2, 3
Let r = -1018 + 2190. What are the prime factors of r?
2, 293
Let v(d) = -3*d**2 + d - 1. Let s be v(2). Let f(i) = -i**3 - 12*i**2 - 9*i. Let a be f(s). What are the prime factors of a/33*(0 + -48)?
2
Suppose 0 = -3*u - 4*l - 402, -4*l = 4*u + 495 + 37. Let r = 194 + u. Suppose -3*a + r = 4*g, 4*a - a = -2*g + 26. What are the prime factors of g?
19
Let h(a) = -6*a - 5*a**2 - 2*a**3 + a**3 - 5*a**2 + 12. Let f be h(-9). Let y = 28 + f. List the prime factors of y.
13
Suppose 5*a + 28 = a. Let y = a - -10. Suppose 0 = 4*r - 0*b - b - 234, 3*r - y*b - 180 = 0. List the prime factors of r.
2, 29
Suppose 3*q + 33 = -3*c, -19 - 32 = 5*c + 3*q. Let s = 74 - c. Suppose -4*j = -m + 2*m - s, 179 = 3*m - 2*j. What are the prime factors of m?
3, 7
Let n = 816 - 795. List the prime factors of n.
3, 7
Suppose 425 = u - 3*b, 2*u - 5*b + b - 858 = 0. List the prime factors of u.
19, 23
Suppose t - 32 + 32 = 0. Suppose t = -4*o - 5*h + 681, 12*o + 2*h - 168 = 11*o. What are the prime factors of o?
2, 3, 29
Let x be (-6)/9 - (-8)/3. Suppose 0 = x*h + 25 - 215. List the prime factors of h.
5, 19
Let z = -45 + 48. Suppose 2*g - 15 = -z*g, -3*n + 48 = 3*g. List the prime factors of n.
13
Suppose -2*t + 4*t - 11190 = -4*x, -5*x - 2*t + 13989 = 0. List the prime factors of x.
3, 311
Let h be 2*-3*2/(-6). Suppose -65 = 5*z - 3*g, -2*z + 13 = h*g + 55. What are the prime factors of z/12*-1*3?
2
Suppose -2216 = 10*o - 14*o. List the prime factors of o.
2, 277
Let d(i) = -11 + 0 - 10*i - 8. List the prime factors of d(-12).
101
Let p(m) = m**3 + 6*m**2 + 3*m - 6. Let d be p(-5). Suppose -6 + 134 = 5*o + d*w, 0 = 4*o + 4*w - 100. Suppose -k + 4 + o = 0. What are the pri